{"id":1136,"date":"2024-07-03T17:11:30","date_gmt":"2024-07-03T17:11:30","guid":{"rendered":"http:\/\/sohoproject.eu\/?page_id=1136"},"modified":"2024-07-03T17:16:43","modified_gmt":"2024-07-03T17:16:43","slug":"universite-lumiere-lyon-2","status":"publish","type":"page","link":"https:\/\/sohoproject.eu\/index.php\/universite-lumiere-lyon-2\/","title":{"rendered":"Universite Lumiere Lyon 2"},"content":{"rendered":"\t\t<div data-elementor-type=\"wp-page\" data-elementor-id=\"1136\" class=\"elementor elementor-1136\">\n\t\t\t\t\t\t<section class=\"elementor-section elementor-top-section elementor-element elementor-element-f8d578f elementor-section-boxed elementor-section-height-default elementor-section-height-default wpr-particle-no wpr-jarallax-no wpr-parallax-no wpr-sticky-section-no\" data-id=\"f8d578f\" data-element_type=\"section\">\n\t\t\t\t\t\t<div class=\"elementor-container elementor-column-gap-default\">\n\t\t\t\t\t<div class=\"elementor-column elementor-col-50 elementor-top-column elementor-element elementor-element-35ddcc11\" data-id=\"35ddcc11\" data-element_type=\"column\">\n\t\t\t<div class=\"elementor-widget-wrap elementor-element-populated\">\n\t\t\t\t\t\t<div class=\"elementor-element elementor-element-1a29b22 elementor-widget elementor-widget-image\" data-id=\"1a29b22\" data-element_type=\"widget\" data-widget_type=\"image.default\">\n\t\t\t\t<div class=\"elementor-widget-container\">\n\t\t\t\t\t\t\t\t\t\t\t\t\t<img fetchpriority=\"high\" decoding=\"async\" width=\"640\" height=\"610\" src=\"https:\/\/sohoproject.eu\/wp-content\/uploads\/2024\/07\/Logo_IUT_Lumiere-1024x976.png\" class=\"attachment-large size-large wp-image-1138\" alt=\"\" srcset=\"https:\/\/sohoproject.eu\/wp-content\/uploads\/2024\/07\/Logo_IUT_Lumiere-1024x976.png 1024w, https:\/\/sohoproject.eu\/wp-content\/uploads\/2024\/07\/Logo_IUT_Lumiere-300x286.png 300w, https:\/\/sohoproject.eu\/wp-content\/uploads\/2024\/07\/Logo_IUT_Lumiere-768x732.png 768w, https:\/\/sohoproject.eu\/wp-content\/uploads\/2024\/07\/Logo_IUT_Lumiere-1536x1464.png 1536w, https:\/\/sohoproject.eu\/wp-content\/uploads\/2024\/07\/Logo_IUT_Lumiere.png 1651w\" sizes=\"(max-width: 640px) 100vw, 640px\" \/>\t\t\t\t\t\t\t\t\t\t\t\t\t<\/div>\n\t\t\t\t<\/div>\n\t\t\t\t\t<\/div>\n\t\t<\/div>\n\t\t\t\t<div class=\"elementor-column elementor-col-50 elementor-top-column elementor-element elementor-element-3f7b80db\" data-id=\"3f7b80db\" data-element_type=\"column\">\n\t\t\t<div class=\"elementor-widget-wrap elementor-element-populated\">\n\t\t\t\t\t\t<div class=\"elementor-element elementor-element-39a54a3f elementor-widget elementor-widget-elementskit-heading\" data-id=\"39a54a3f\" data-element_type=\"widget\" data-widget_type=\"elementskit-heading.default\">\n\t\t\t\t<div class=\"elementor-widget-container\">\n\t\t\t<div class=\"ekit-wid-con\" ><div class=\"ekit-heading elementskit-section-title-wraper center   ekit_heading_tablet-   ekit_heading_mobile-\"><h2 class=\"ekit-heading--title elementskit-section-title \"><span><span>Universite Lumiere Lyon 2<\/span><\/span><\/h2>\t\t\t\t<div class='ekit-heading__description'>\n\t\t\t\t\t<h4>FRANCE<\/h4>\n\t\t\t\t<\/div>\n\t\t\t<div class=\"ekit_heading_separetor_wraper ekit_heading_elementskit-border-divider elementskit-style-long\"><div class=\"elementskit-border-divider elementskit-style-long\"><\/div><\/div><\/div><\/div>\t\t<\/div>\n\t\t\t\t<\/div>\n\t\t\t\t\t<\/div>\n\t\t<\/div>\n\t\t\t\t\t<\/div>\n\t\t<\/section>\n\t\t\t\t<section class=\"elementor-section elementor-top-section elementor-element elementor-element-ijrb2cd elementor-section-content-middle elementor-section-boxed elementor-section-height-default elementor-section-height-default wpr-particle-no wpr-jarallax-no wpr-parallax-no wpr-sticky-section-no\" data-id=\"ijrb2cd\" data-element_type=\"section\" data-settings=\"{&quot;background_background&quot;:&quot;classic&quot;}\">\n\t\t\t\t\t\t<div class=\"elementor-container elementor-column-gap-default\">\n\t\t\t\t\t<div class=\"elementor-column elementor-col-50 elementor-top-column elementor-element elementor-element-27a2e6f\" data-id=\"27a2e6f\" data-element_type=\"column\">\n\t\t\t<div class=\"elementor-widget-wrap elementor-element-populated\">\n\t\t\t\t\t\t<div class=\"elementor-element elementor-element-2d03d06 elementor-widget__width-initial elementor-widget-tablet__width-initial elementor-widget elementor-widget-image\" data-id=\"2d03d06\" data-element_type=\"widget\" data-widget_type=\"image.default\">\n\t\t\t\t<div class=\"elementor-widget-container\">\n\t\t\t\t\t\t\t\t\t\t\t\t\t<img decoding=\"async\" width=\"640\" height=\"360\" src=\"https:\/\/sohoproject.eu\/wp-content\/uploads\/2024\/07\/istock-1257550580_2_1200-768x432.jpg\" class=\"attachment-medium_large size-medium_large wp-image-1140\" alt=\"\" srcset=\"https:\/\/sohoproject.eu\/wp-content\/uploads\/2024\/07\/istock-1257550580_2_1200-768x432.jpg 768w, https:\/\/sohoproject.eu\/wp-content\/uploads\/2024\/07\/istock-1257550580_2_1200-300x169.jpg 300w, https:\/\/sohoproject.eu\/wp-content\/uploads\/2024\/07\/istock-1257550580_2_1200-1024x576.jpg 1024w, https:\/\/sohoproject.eu\/wp-content\/uploads\/2024\/07\/istock-1257550580_2_1200-1536x864.jpg 1536w, https:\/\/sohoproject.eu\/wp-content\/uploads\/2024\/07\/istock-1257550580_2_1200-2048x1152.jpg 2048w\" sizes=\"(max-width: 640px) 100vw, 640px\" \/>\t\t\t\t\t\t\t\t\t\t\t\t\t<\/div>\n\t\t\t\t<\/div>\n\t\t\t\t\t<\/div>\n\t\t<\/div>\n\t\t\t\t<div class=\"elementor-column elementor-col-50 elementor-top-column elementor-element elementor-element-fc55efe\" data-id=\"fc55efe\" data-element_type=\"column\">\n\t\t\t<div class=\"elementor-widget-wrap elementor-element-populated\">\n\t\t\t\t\t\t<div class=\"elementor-element elementor-element-a336775 elementor-widget__width-initial elementor-widget-tablet__width-initial elementor-widget elementor-widget-text-editor\" data-id=\"a336775\" data-element_type=\"widget\" data-widget_type=\"text-editor.default\">\n\t\t\t\t<div class=\"elementor-widget-container\">\n\t\t\t\t\t\t\t<p>University Lumi\u00e8re Lyon 2 is a public institution of higher education and research. Since its establishment in 1973, it has been committed to upholding a strong and rigorous vision of higher education and research by placing great importance in its research programs and in the organization of knowledge dissemination activities. With 32 laboratories and 8 research federations, University Lumi\u00e8re Lyon 2 offers a varied range of courses that cover a broad spectrum of disciplines in the humanities and social sciences. It proposes 13 training entities focused in four fields: humanities and social sciences; arts, languages, and literature; science, technology, and health; law, economics, and management. University Lumi\u00e8re Lyon 2 welcomes over 28,000 students, from the undergraduate to doctoral levels.<\/p>\t\t\t\t\t\t<\/div>\n\t\t\t\t<\/div>\n\t\t\t\t\t<\/div>\n\t\t<\/div>\n\t\t\t\t\t<\/div>\n\t\t<\/section>\n\t\t\t\t<section class=\"elementor-section elementor-top-section elementor-element elementor-element-4d0be6f elementor-section-content-top elementor-section-boxed elementor-section-height-default elementor-section-height-default wpr-particle-no wpr-jarallax-no wpr-parallax-no wpr-sticky-section-no\" data-id=\"4d0be6f\" data-element_type=\"section\" data-settings=\"{&quot;background_background&quot;:&quot;classic&quot;}\">\n\t\t\t\t\t\t<div class=\"elementor-container elementor-column-gap-default\">\n\t\t\t\t\t<div class=\"elementor-column elementor-col-100 elementor-top-column elementor-element elementor-element-49aeeee\" data-id=\"49aeeee\" data-element_type=\"column\">\n\t\t\t<div class=\"elementor-widget-wrap elementor-element-populated\">\n\t\t\t\t\t\t<div class=\"elementor-element elementor-element-d727a60 elementor-widget-tablet__width-initial elementor-widget elementor-widget-text-editor\" data-id=\"d727a60\" data-element_type=\"widget\" data-widget_type=\"text-editor.default\">\n\t\t\t\t<div class=\"elementor-widget-container\">\n\t\t\t\t\t\t\t<p>University Lumi\u00e8re Lyon 2 advocates student mobility through exchange programs and internships in numerous countries. International openness is a priority for our academic institution, as demonstrated by over 500 cooperation agreements with nearly 400 foreign institutions in 60 countries. Almost 20% of the university&#8217;s students are international, especially since numerous dual diploma programs with foreign academic institutions are proposed, as well as international research activities.<\/p><p>In 1992, the University Lumi\u00e8re Lyon 2 created the University Institute of Technology of Lyon II, known as IUT Lumi\u00e8re. IUT Lumi\u00e8re benefits from the university&#8217;s educational and research context as it strives to develop a technological and professional training path. The IUT Lumi\u00e8re operates exclusively on a work-study basis, proposing five DUT (University Diplomas of Technology) and seven professional Bachelor&#8217;s degree programs. Since the 2021 educational reform in France, the IUT now also proposes University Bachelors of Technology (BUT). Thanks to its commitment to the professionalization of students and to the strengthening of university-business relationships, IUT Lumi\u00e8re received a distinction from the National Union of IUT Presidents (UNPIUT) in March 2007. In 2014, IUT Lumi\u00e8re was recognized as one of the top three IUTs in France with the highest value-added diploma.<\/p><p><strong>Contact:\u00a0<\/strong><\/p><p>Aicha SEKHARI &#8211; aicha.sekhari[at]univ-lyon2.fr<\/p>\t\t\t\t\t\t<\/div>\n\t\t\t\t<\/div>\n\t\t\t\t<div class=\"elementor-element elementor-element-d4fd9d3 elementor-button-warning elementor-widget elementor-widget-button\" data-id=\"d4fd9d3\" data-element_type=\"widget\" data-widget_type=\"button.default\">\n\t\t\t\t<div class=\"elementor-widget-container\">\n\t\t\t\t\t<div class=\"elementor-button-wrapper\">\n\t\t\t<a class=\"elementor-button elementor-button-link elementor-size-sm\" href=\"http:\/\/iut.univ-lyon2.fr\/\">\n\t\t\t\t\t\t<span class=\"elementor-button-content-wrapper\">\n\t\t\t\t\t\t\t\t\t<span class=\"elementor-button-text\">Learn more about Universite Lumiere Lyon 2<\/span>\n\t\t\t\t\t<\/span>\n\t\t\t\t\t<\/a>\n\t\t<\/div>\n\t\t\t\t<\/div>\n\t\t\t\t<\/div>\n\t\t\t\t\t<\/div>\n\t\t<\/div>\n\t\t\t\t\t<\/div>\n\t\t<\/section>\n\t\t\t\t<\/div>\n\t\t","protected":false},"excerpt":{"rendered":"<p>Universite Lumiere Lyon 2 FRANCE University Lumi\u00e8re Lyon 2 is a public institution of higher education and research. Since its establishment in 1973, it has been committed to upholding a strong and rigorous vision of higher education and research by placing great importance in its research programs and in the organization of knowledge dissemination activities. With 32 laboratories and 8<\/p>\n","protected":false},"author":3,"featured_media":0,"parent":0,"menu_order":0,"comment_status":"closed","ping_status":"closed","template":"elementor_header_footer","meta":{"_eb_attr":"","footnotes":""},"class_list":["post-1136","page","type-page","status-publish","hentry"],"_links":{"self":[{"href":"https:\/\/sohoproject.eu\/index.php\/wp-json\/wp\/v2\/pages\/1136","targetHints":{"allow":["GET"]}}],"collection":[{"href":"https:\/\/sohoproject.eu\/index.php\/wp-json\/wp\/v2\/pages"}],"about":[{"href":"https:\/\/sohoproject.eu\/index.php\/wp-json\/wp\/v2\/types\/page"}],"author":[{"embeddable":true,"href":"https:\/\/sohoproject.eu\/index.php\/wp-json\/wp\/v2\/users\/3"}],"replies":[{"embeddable":true,"href":"https:\/\/sohoproject.eu\/index.php\/wp-json\/wp\/v2\/comments?post=1136"}],"version-history":[{"count":7,"href":"https:\/\/sohoproject.eu\/index.php\/wp-json\/wp\/v2\/pages\/1136\/revisions"}],"predecessor-version":[{"id":1150,"href":"https:\/\/sohoproject.eu\/index.php\/wp-json\/wp\/v2\/pages\/1136\/revisions\/1150"}],"wp:attachment":[{"href":"https:\/\/sohoproject.eu\/index.php\/wp-json\/wp\/v2\/media?parent=1136"}],"curies":[{"name":"wp","href":"https:\/\/api.w.org\/{rel}","templated":true}]}}